 when 90 is divided by y?
21
Let c = -6 - -22. Calculate the remainder when 109 is divided by c.
13
Let o = 7 + 38. What is the remainder when o is divided by 13?
6
Let p(l) = 3*l + 4. Let j be p(-6). Let u = j - -11. Calculate the remainder when (-398)/(-8) - u/12 is divided by 17.
16
Let x(b) = b**3 - 6*b**2 + 8. Let g(v) = v**2 + 6*v - 4. What is the remainder when g(-9) is divided by x(6)?
7
Let w = -4 + 42. Let m(b) = 4*b**2 + b - 1. Calculate the remainder when w is divided by m(-2).
12
Suppose -12 = 3*l, 24 = 3*u - 4*l - 16. Suppose v - 5 = -0*v. Suppose -3*s - v*d + 20 = s, -2*s + 2*d = -10. Calculate the remainder when u is divided by s.
3
Let f(c) = c**3 - 8*c**2 + 8*c - 3. Let j(m) = -2*m**2 + 5*m. Let t(p) = p**2. Let o(k) = j(k) + 3*t(k). What is the remainder when o(-6) is divided by f(7)?
2
Suppose i = -i - 30. Let a(n) = n**2 + 14*n - 11. Calculate the remainder when 11 is divided by a(i).
3
Suppose o - 4 = -3*x + x, 4*x - 8 = 5*o. Suppose s + s - 56 = o. Suppose -s = -f - 5*l, 3*f - 3*l - 36 = 30. Calculate the remainder when 44 is divided by f.
21
Let w = 9 - 2. Calculate the remainder when 33 is divided by w.
5
Let w = -59 - -30. Let s = w - -46. What is the remainder when 48 is divided by s?
14
Let t be (2/2)/(3/6). Let b = t - 0. Suppose 2*l = -b, 3*s + 3*l - 18 = 9. Calculate the remainder when 18 is divided by s.
8
Let x(j) = j**3 - 14*j**2 - 14*j + 8. What is the remainder when x(15) is divided by 5?
3
Let m = 16 - 26. Let x = 37 + m. Suppose -45 = -4*u + 5*w, -2*w = u - 5*w - 6. Calculate the remainder when x is divided by u.
12
Suppose 1 = -4*s + 21. Suppose 2*b = 4*g - 6, 2*b - s = 1. Suppose 0 = -2*k + g*k - 4. What is the remainder when k is divided by 3?
1
Suppose 0 = -i - 3*i + 124. Calculate the remainder when i is divided by 8.
7
Let h(r) = r. Let g be h(4). Suppose 6 - 70 = -g*p. Calculate the remainder when p is divided by 9.
7
Suppose m - 2*m = -9. Let p be (-3)/m - (-40)/12. What is the remainder when 42 is divided by -2 + (2 - p) + 18?
12
Let o(z) = 2*z**2 - 3*z - 5. What is the remainder when o(-5) is divided by 31?
29
Suppose 14 = 5*v - 6. Let q = 8 - v. Suppose -5*z + q = -z. Calculate the remainder when 1 is divided by z.
0
Let o = 5 + -2. What is the remainder when ((-24)/(-20))/(o/20) is divided by (15/12 - 2)*-4?
2
Suppose 0*d = -2*d + 6. Suppose 0*p = d*p - 27. What is the remainder when p is divided by 6?
3
Let n(l) be the first derivative of l**4/4 + 5*l**3/3 - 2*l**2 + 6*l + 1. Let d = 10 - 1. What is the remainder when n(-5) is divided by d?
8
Calculate the remainder when 5 is divided by (-23)/(-7) - (-2)/(-7).
2
Let w(l) = -6*l**3 - 2*l**2 + 2*l + 3. Calculate the remainder when w(-2) is divided by (-52)/(-5) + (-6)/15.
9
Suppose 6*p - 22 = 5*p - 5*x, x + 34 = 3*p. Calculate the remainder when 22 is divided by p.
10
Suppose 2*h - 89 + 21 = 4*g, 0 = g - 1. Suppose 4*i + 4*l = h, 3*l = -5*i - 0*l + 49. Calculate the remainder when 42 is divided by i.
9
Suppose 3*u - 28 = -2*h, -5*h = -5*u - 14 - 6. Let j = 23 + h. Calculate the remainder when j is divided by (-24)/(-2) - (4 - 8).
15
Suppose 4*t - 3 = x + 2, -4*t = 3*x + 15. Suppose 5*w + 2*b - 265 + 26 = 0, -w + 5*b + 37 = t. What is the remainder when w is divided by 1040/60 + (-4)/3?
15
Let g = 328 + -321. Suppose -5*p + 47 - 2 = -5*h, 5*p = 4*h + 48. Calculate the remainder when p is divided by g.
5
Suppose -5*n + 5*t = 6 - 36, -4*n + 27 = -5*t. Suppose -n*h = -6*h + 222. What is the remainder when h is divided by 25?
24
Suppose 2*y + 13 + 11 = 4*p, 0 = p + 2*y - 1. Suppose -p*j + 170 = -5*k, -2*k = -0*k - 5*j + 53. Calculate the remainder when 23 is divided by ((-2)/3)/(2/k).
10
Let f = 16 + 0. Suppose 4*z + 116 = -f. Let a = 48 + z. Calculate the remainder when a is divided by 8.
7
Let y = 71 - 48. Calculate the remainder when 43 is divided by y.
20
Let g = -15 + 33. What is the remainder when 64 is divided by g?
10
Suppose -86 = -5*m - 61. Calculate the remainder when 63 is divided by m.
3
Let w be (-10)/((-3)/(2 + -5)). Let x = 7 - -8. What is the remainder when ((-22)/(-5))/((-1)/w) is divided by x?
14
Suppose -5*y + 33 = -17. What is the remainder when y*2 - (-1 + 3) is divided by 10?
8
Let j be (27 + -2 + -2)*1. Suppose j + 113 = 4*r. What is the remainder when r is divided by 18?
16
Suppose -3 - 5 = -2*m. Calculate the remainder when 6 is divided by m.
2
Suppose 3*p = p. Suppose -5*r = -p*d - 5*d + 70, 0 = r. What is the remainder when 29 is divided by (-2)/7 - (-144)/d?
9
Let i = 15 - 4. What is the remainder when (0 + (-2)/2)*-31 is divided by i?
9
Let n = -14 + 18. Calculate the remainder when 10 is divided by n.
2
Let c = -150 - -225. What is the remainder when c is divided by 20?
15
Let j be (-326)/(-8) - 1/(-4). Let o = j + -25. What is the remainder when o is divided by 9?
7
Suppose 0 = v - 3*v + 10. Let a be 4/18 - 68/(-18). Suppose o + a*x + 40 = 5*o, -34 = -3*o + 2*x. What is the remainder when o is divided by v?
4
Let g = -17 + -3. What is the remainder when 178/5 - 8/g is divided by (-1 - 0) + 20/1?
17
Suppose 10*c - 55 = 5*c. Let b(n) = -2*n + 20. Calculate the remainder when b(-11) is divided by c.
9
Let h(s) = s**3 - 13*s**2 - 3*s - 3. Let f(k) = k**3 - 12*k**2 - 2*k - 4. Let t(p) = 4*f(p) - 3*h(p). What is the remainder when 7 is divided by t(9)?
1
Suppose -4*q + 129 - 5 = 0. Calculate the remainder when q is divided by 13.
5
Suppose -3*r = 5*b - 173, 103 = 4*b - 5*r - 28. Suppose -p - 5*o = -108, 4*p = 2*o - 6*o + 512. Calculate the remainder when p is divided by b.
31
Let r = 14 - -14. Let m = r + -19. What is the remainder when 26 is divided by (-1)/3 + 129/m?
12
Let g = -19 + 32. What is the remainder when 25 is divided by g?
12
What is the remainder when ((-1)/2)/(2/16) - -33 is divided by 13?
3
Calculate the remainder when (-36)/12*(-38)/3 is divided by 8.
6
Let w(a) = -3*a - 18. Let u(q) = q**3 - 10*q**2 - 9. Let i be u(10). What is the remainder when 16 is divided by w(i)?
7
Let c(z) = z**2 - 19*z + 33. Calculate the remainder when c(22) is divided by 17.
14
Let s = 72 + -57. What is the remainder when 48 is divided by s?
3
Let v = -31 - -64. What is the remainder when v is divided by 18?
15
Suppose 0*w + w + 6 = 0. Let d(n) = -n**2 - 10*n - 7. Calculate the remainder when -2*7/((-56)/132) is divided by d(w).
16
Calculate the remainder when 21 is divided by ((-72)/27)/(2/(-3)).
1
Suppose -4*p + 68 = -0. What is the remainder when 25 is divided by p?
8
Suppose -4*g + 0*g = -32. Suppose -g*r = -4*r - 64. What is the remainder when 30 is divided by r?
14
Let o(g) = g**3 + 7*g**2 + 6*g + 2. Let h(y) = y + 2. Let z be h(-8). Let d(v) = 2*v**2 + 1. Calculate the remainder when d(1) is divided by o(z).
1
Let h(u) = 7*u**2 - 6*u + 9. Let p(d) = -d**2 - 1. Let b(r) = h(r) + 6*p(r). Calculate the remainder when 54 is divided by b(8).
16
Suppose -365 = -11*m + 64. What is the remainder when 44 is divided by m?
5
Suppose 3*l - l = 16. Calculate the remainder when 29 is divided by l.
5
Let v(s) = s**2 + 2*s - 3 + 4 - 5. Suppose -8*m + 66 = -2*m. What is the remainder when v(4) is divided by m?
9
Suppose -5*s + 47 + 193 = 0. Suppose -3*n + s = 3*f, 0 = -4*n - f + 69 + 4. What is the remainder when n is divided by 7?
5
Let m = -16 + 29. Let k(g) be the third derivative of g**6/120 + g**5/15 + g**4/24 - g**3/6 + 2*g**2. Calculate the remainder when m is divided by k(-2).
3
Let x(o) = -o**3 + 11*o**2 - 5*o + 6. What is the remainder when x(7) is divided by 21?
20
Let y be (-4)/(-14) + (-10)/35. What is the remainder when (65 - (y - -3))/2 is divided by 17?
14
Let t(m) = -2*m + 14. Let v(l) = l - 7. Let u(a) = -2*t(a) - 5*v(a). Calculate the remainder when 7 is divided by u(4).
1
Let y be 2/(-4)*56/(-4). Suppose g + y - 1 = 3*u, 0 = -2*u - 2*g + 12. Calculate the remainder when 26 is divided by 8*1 + (4 - u).
8
Let n = 17 + 21. What is the remainder when n is divided by 8 - (1 - -1)*-1?
8
Let a(l) = -6*l**2 - 21*l + 17. Let j(b) = 2*b**2 + 7*b - 6. Let w(s) = -4*a(s) - 11*j(s). Calculate the remainder when 51 is divided by w(-5).
12
Suppose 0 = 2*d - 8, 0*v + 4*d = -4*v + 84. Calculate the remainder when 67 is divided by v.
16
Let o = 110 - 64. Suppose -o = 2*a - 4*a. What is the remainder when a is divided by 8?
7
Let k(v)